 t = 121 - 31. Calculate the highest common divisor of t and h.
18
Let z be 13 + 3 + (1 - -1). Let n be ((-24)/z)/(87/45 - 2). Calculate the highest common factor of n and 30.
10
Let i be ((-3)/1)/(3/(-4)). Suppose -4*o = -c + 2, i*c = c + o + 28. Let d be 1460/219*(0 + 12 + 0). What is the highest common divisor of c and d?
10
Let h(v) = 23*v + 408. Let r be h(-16). Calculate the greatest common factor of r and 392.
8
Let q(c) = -c**3 - 51*c**2 + 160*c + 52. Let x be q(-54). Calculate the highest common factor of x and 64.
32
Let p be ((-1)/3)/((-2)/(-30)). Let g(c) = c**2 + 5*c + 2. Let i be g(p). Let a = 8 - i. What is the highest common divisor of a and 12?
6
Suppose -2*t = -5*x + 45 - 414, -5*t + 934 = -x. Calculate the greatest common divisor of 51 and t.
17
Suppose 0 = -5*s - 25, 3*z + 0*s = -5*s + 38. Calculate the highest common divisor of z and 39.
3
Let d(o) = o**3 + 8*o**2 + 5. Let b be d(-6). Suppose 2*i = 5*w + i - 31, -5*w = -2*i - 27. What is the greatest common factor of b and w?
7
Let w(t) = t**3 + 10*t**2 - 14*t - 15. Let f be w(-11). Suppose -45 = f*c - 21*c. Calculate the greatest common factor of 6 and c.
3
Let k(j) = 8*j - 5. Let r be k(1). Suppose -r*p - 6 = -21. Let u be 6/(-4)*(-60)/2. Calculate the highest common divisor of p and u.
5
Suppose -460 = -12*q + 500. Calculate the greatest common factor of q and 6.
2
Suppose -3 = 5*m + 4*h, -3*m - h - 7 + 1 = 0. Let z be m/42*-6 - 218/(-14). Calculate the highest common divisor of z and 32.
16
Let x(g) = -g**2 + 12*g + 3. Let l be x(5). Let o = l - 27. What is the highest common divisor of o and 44?
11
Let a = -63 + 123. Suppose -t - 4*t + a = 0. Let j be 3 + 1/((-1)/(-1)). Calculate the greatest common divisor of j and t.
4
Suppose -18*h = -22*h + 4*s + 16, 0 = 2*h + 3*s - 18. Calculate the highest common divisor of h and 66.
6
Let u(l) = 2*l - 39. Let a be u(26). Let c be a - (33/22)/((-1)/2). Calculate the highest common divisor of 80 and c.
16
Suppose 173 - 61 = k. Calculate the greatest common divisor of k and 32.
16
Suppose -5*s - 38 = i - 4*i, -6 = i + 3*s. Suppose 0 = -y + 2*y + i. Let x be (-2 + 4)*(-3)/y. What is the greatest common factor of 7 and x?
1
Suppose 2*b + 10*c = 13*c + 10, 3*c = b + 1. What is the highest common divisor of 121 and b?
11
Let h = -192 + 131. Let c = -19 - h. Suppose -r - 112 = -5*r. What is the highest common divisor of c and r?
14
Let g(n) = -n**2 - 1 + 2*n + 5 + n. Let b be g(3). Let j = -1126 - -1128. What is the greatest common divisor of j and b?
2
Let j be 77/(-22)*58/(-7). Calculate the highest common divisor of j and 290.
29
Let q(c) = -c**3 - 20*c**2 + 7*c - 63. Let b be q(-21). What is the highest common factor of b and 99?
33
Suppose -8*g = 22*g - 870. Calculate the highest common factor of g and 899.
29
Let r = -22 + 47. Let d be 100 + -5*(-7 - -9) + 10. Calculate the highest common factor of r and d.
25
Let w = -120 + 318. Suppose -20 = -2*v - 4*h, 7*h - 2*h + 1 = 4*v. Suppose -v*b + w = -2*b. Calculate the highest common factor of 9 and b.
9
Let m(a) = 3*a**2 - 153*a + 229. Let s be m(50). Calculate the highest common divisor of s and 2528.
79
Let q = -81 - -114. Let i = 289 - 267. Calculate the greatest common divisor of i and q.
11
Let h = 32 - 28. Suppose h = f - 3. What is the greatest common divisor of 28 and f?
7
Suppose 28*w = 10*w + 4896. What is the greatest common divisor of w and 1496?
136
Suppose -600 = 6*l - 0*l. Let z be (16/20)/((-4)/l) + 2. Calculate the greatest common divisor of z and 176.
22
Let g(a) = a**3 + a**2 - 9*a - 16. Let d be g(6). Suppose q - d = -6*q. Let m = -96 + 226. Calculate the highest common divisor of q and m.
26
Suppose 394 + 214 = 38*v. Let q be (-4)/3*(4 + -88). What is the greatest common divisor of q and v?
16
Let p = 496 - 128. Calculate the highest common divisor of 16 and p.
16
Suppose -90*j + 25 = -85*j. Suppose -j*a + 2*p - p = -99, -3*p = -4*a + 77. What is the greatest common divisor of 70 and a?
10
Let k(o) = -7*o - 17. Let c be k(-5). What is the highest common divisor of c and 18?
18
Let h = 1050 - 1013. Calculate the greatest common factor of h and 1073.
37
Let b(i) = -3*i + 47. Let h(z) = 10*z - 63. Let j be h(7). Let f be b(j). What is the highest common divisor of 208 and f?
26
Suppose u - 1 = 2*w - 3, -2*u = -w + 4. Suppose -l + 1 - 2 = w, 4*l = 4*y - 116. Let n = -20 + y. Calculate the greatest common divisor of n and 1.
1
Suppose 4*c + 51 = -2*r + 191, -3*r + 160 = -4*c. What is the highest common divisor of r and 500?
20
Let l(c) = 17*c**2 + 3*c + 5. Let n be l(-2). Let p = n + -59. Calculate the highest common divisor of p and 24.
8
Suppose 5*k - 12 = 4*j + 11, -4*k + 2 = 5*j. Suppose 0 = 5*h - k + 78. Let s = -13 - h. What is the greatest common factor of s and 5?
1
Suppose 2*s + 3*h - 22 = 0, 2*s - 5 - 17 = 4*h. Suppose -3*p + 5*j = -21, 0 = 2*p - 4*j - s - 1. What is the greatest common factor of p and 6?
6
Let r be 1/(1 - (-492)/(-489)). Let p = -64 - r. Let g be (-16)/(-8) + 1*9. What is the greatest common divisor of g and p?
11
Let c(p) = 4*p + 12. Let q be c(-16). Let d = -29 - q. Let t = -21 + d. What is the highest common factor of 1 and t?
1
Suppose 2*j = 3*j. Suppose 3*a - 40 - 62 = j. Let c = 94 - a. What is the highest common factor of c and 24?
12
Let j(d) = -d**3 - 3*d + 25. Let g be j(0). Let t(b) = 2*b + 28. Let i be t(g). What is the greatest common factor of 26 and i?
26
Let j be (4 - -2)/2 + 65. Let f = 40 - j. Let s = 43 + f. What is the highest common divisor of s and 6?
3
Let h be (3552/(-80))/((-4)/10) - 1. Calculate the greatest common divisor of 22 and h.
22
Let s = 146 - 59. Let w = -61 + s. Suppose 4*i - w = -2. Calculate the highest common divisor of i and 4.
2
Let w be (-954)/(-15) - (-60)/(-100). Calculate the highest common factor of 36 and w.
9
Let u = 4 + 2. Let q = 11 - u. Let n be (67 - 1) + (q - 6). What is the highest common factor of n and 13?
13
Suppose 0 = -b + 4. Let n be 1 + (2 + 0)/1. Suppose 5*x - 18 = -i - b, -3*i - n*x = -66. What is the highest common divisor of 168 and i?
24
Suppose 3*l - 5*z + 40 = 0, 5*l + 38 + 42 = 5*z. Let h be (-2)/(4 - (-85)/l). Calculate the highest common divisor of 1 and h.
1
Let q = -2151 - -2270. What is the highest common divisor of 85 and q?
17
Let y = -154 - -338. What is the highest common factor of y and 115?
23
Let q be 12/(-9) - -174*(-40)/(-36). Calculate the highest common divisor of 240 and q.
48
Let o be ((-1014)/(-12) - (-3)/(-2)) + 1. Suppose 5*z = -z + o. Calculate the greatest common divisor of 126 and z.
14
Let u be 2/(-2)*-9*2. Suppose -l - d + 40 = 0, -d = 2*l - 0*d - 82. Let h = -36 + l. What is the greatest common factor of u and h?
6
Let t = -64 - -54. Let m = t - -12. Calculate the highest common divisor of 14 and m.
2
Let j(y) = y**3 - 8*y**2 + y + 41. Let d be j(8). What is the greatest common factor of 539 and d?
49
Suppose 31 = 5*l - 814. Calculate the greatest common divisor of 26 and l.
13
Let f = 1339 - 350. Calculate the greatest common divisor of f and 43.
43
Suppose -b - 5*q + 23 = 0, -4*q = -q. What is the greatest common divisor of b and 5?
1
Let i(z) = -z**3 + 7*z**2. Let b be 37/5 - (-4)/(-10). Let j be i(b). Suppose j = 4*t + 10 - 42. Calculate the highest common divisor of 4 and t.
4
Let v = 17 - 31. Let s be 4/v + (-344)/(-28). Calculate the greatest common factor of s and 132.
12
Suppose -196 = -5*v + 584. Let y(d) = -d**2 + 53*d - 184. Let p be y(49). What is the highest common factor of v and p?
12
Let v(i) = -i**3 + 18*i**2 - 19*i + 14. Let z be v(16). Let b = 97 + z. What is the highest common divisor of 29 and b?
29
Suppose 0 = 4*g - 53 - 67. Let a = g + -23. Calculate the greatest common divisor of 28 and a.
7
Suppose 4*m + 16 = 8. Let v be m/(-11) - 833/(-77). Suppose 2*u = 9 + v. Calculate the greatest common factor of 4 and u.
2
Let r = -771 - -919. Suppose 57 = 5*x - 128. What is the greatest common divisor of x and r?
37
Suppose 3*u + 25 - 121 = 0. Suppose 0 = 7*l - 3*l - u. Calculate the greatest common factor of l and 8.
8
Let h(c) = c**3 - 12*c**2 - 15*c + 28. Suppose -3*v - 7*v + 130 = 0. Let a be h(v). Calculate the highest common divisor of a and 16.
2
Let d = -37 - -41. Suppose -f + 31 = -d*k - 0*k, k + 49 = 4*f. Let o(i) 